the prime factors of r?
2, 3
Suppose b - 3*x = 25, 5*x - 117 = -4*b - 0*b. List the prime factors of b.
2, 7
Suppose 5*a - 2 - 18 = 0. Let u = a - -8. List the prime factors of 2/6 + 152/u.
13
Let y(k) be the second derivative of k**3/3 - 3*k**2 - k. What are the prime factors of y(10)?
2, 7
List the prime factors of (-96)/(-5)*20/6.
2
Let x = 439 - 209. List the prime factors of x.
2, 5, 23
Let b(f) be the first derivative of 5*f**3 - f - 4. List the prime factors of b(-1).
2, 7
Let f(d) = 6*d**3 - 3*d**2 + 2*d + 2. List the prime factors of f(2).
2, 3, 7
Suppose 0*x + 3*x - 269 = 2*d, -4*x + 3*d = -358. List the prime factors of x.
7, 13
Let g = -6 + 11. Suppose -5*z + 5*v = 0, 7*v + 14 = -g*z + 5*v. What are the prime factors of (-3)/(-6)*z + 4?
3
Let r(a) = a**3 + 7*a**2 + 7*a + 2. Let z be r(-6). Let x = z + 4. Suppose s = -3*d + 8*d - 40, x = 2*s + 10. List the prime factors of d.
7
Suppose -5*r - 4*d - 220 = -1082, 3*r - 5*d = 532. List the prime factors of r.
2, 3, 29
Let g(q) = -2*q - 5. Let j be g(-5). Suppose j*i + 5*h = 35, 6*h - h = 5*i - 25. List the prime factors of i.
2, 3
Let x be 3 - (-6)/(-3) - -1. Let k be (10/(-4))/(x/(-4)). Suppose -2*z + 13 = -k. What are the prime factors of z?
3
Let b(k) = 32*k**3 - k**2 + k - 1. List the prime factors of b(2).
11, 23
Suppose 3*j = 8*j - 115. List the prime factors of j.
23
List the prime factors of (5 - -1)*(-26)/(-4).
3, 13
Suppose 1 = -3*a + 10. Suppose x + q = 2*q + a, -3*x + q + 9 = 0. Suppose 32 = x*d + 2. List the prime factors of d.
2, 5
Let g(r) = r**2 + r - 2. Let q be g(2). Suppose k - 22 = -3*p, q*k + p - 44 = -0*p. What are the prime factors of k?
2, 5
Let h be ((5 + -2)*1)/(-1). What are the prime factors of (-2 - 18 - h)*-1?
17
Suppose 0 = 2*r + 4*r - 108. List the prime factors of r.
2, 3
Suppose 0 = -2*p - 3*p + 15. Let s(x) = -x**3 + 2*x**2 + 3*x + 4. Let r be s(p). List the prime factors of (30/r)/(9/12).
2, 5
Suppose -7*b + 2*b = 3*f - 987, 2*b + 2*f - 398 = 0. What are the prime factors of b?
3, 5, 13
Let x = -7 - -9. Let m = x - -3. List the prime factors of m.
5
Suppose z + 4*z - 15 = 0. Suppose 2*d - 9 = -1. Suppose 37 = 4*a - 5*x, -z = -a - x + d. What are the prime factors of a?
2
List the prime factors of (143/22)/((-1)/(-2)).
13
Let h(t) = -3*t - 8. Suppose 3*f = 3*p - 5 - 4, -3*f + 27 = 3*p. Let y(z) = -z. Let c be y(p). What are the prime factors of h(c)?
2, 5
Let f = 19 + 0. List the prime factors of f.
19
Let h be 8*(-3)/(18/3). Let g(b) = b + 13. List the prime factors of g(h).
3
Let w = -90 + 117. List the prime factors of w.
3
Let b(c) = c**3 + 8*c**2 - 10*c - 7. List the prime factors of b(-8).
73
Let a(h) = -h**3 + 3*h**2 - 2*h + 1. Let x be 3/(3/(-6) - -2). Let g be a(x). List the prime factors of (-1*3/g)/(-1).
3
Suppose 84 = 7*t - 3*t - 3*z, 92 = 4*t - 5*z. Suppose t = 2*r - 10. What are the prime factors of r?
2, 7
Suppose -22 - 23 = -3*c. List the prime factors of c.
3, 5
Suppose -171 = -3*p + 3*k, -5*k = -2*k - 9. List the prime factors of p.
2, 3, 5
Let l = 0 - 5. Let x = l + 12. What are the prime factors of x?
7
Let l = 79 - 34. What are the prime factors of l?
3, 5
Let t be 37*(4 + -3 - 3). List the prime factors of t/(-6) + (-2)/(-3).
13
Suppose -7*z + 5*z + 42 = 0. List the prime factors of z.
3, 7
Suppose -5*w + 0*w + 20 = 0. Suppose -3*t = -t - 20. Suppose w*r = -r + t. List the prime factors of r.
2
Let x(d) = -d**2 + 5*d - 3. List the prime factors of x(3).
3
Suppose -z - 3*k - 17 = 0, -66 = 3*z + 2*z - 4*k. Let x = 23 + z. What are the prime factors of x?
3
Let o be (-2)/(((-5)/(-2))/(-5)). Suppose -4*c + 0*y - o*y + 180 = 0, 2*c - 5*y - 90 = 0. Let j = c - 25. What are the prime factors of j?
2, 5
Let s(j) = j**2 - 9*j + 5. List the prime factors of s(9).
5
What are the prime factors of (1/(-3))/((-3)/315)?
5, 7
Let f be 157/(-5) + (-6)/(-15). Let v = f + 53. Suppose k - v = -5. List the prime factors of k.
17
Let x(y) = y**2 - 6*y + 1. Let d be x(7). Let h = d + -1. What are the prime factors of h?
7
Suppose -3*a + 4 = -11. Suppose a*g = -25, -2*v + 3*g = 2*v - 15. Suppose -4*x + 23 + 41 = v. List the prime factors of x.
2
Suppose 0 = -3*v + 12 - 0. List the prime factors of v.
2
Let d = -4 - -4. Suppose d*w = w - 9. What are the prime factors of w?
3
Suppose -q + 5*q + 5*x = 240, -5*q = 3*x - 287. List the prime factors of q.
5, 11
Suppose 3*v + 3 = 3*p - 2*p, 3*v = -5*p - 3. List the prime factors of (-78)/(4 + 6/v).
3, 13
Let o(p) be the third derivative of p**5/60 - p**4/8 - p**3/2 + p**2. List the prime factors of o(5).
7
Suppose 4*j = 4*o + 616, 0*j + j = -5*o + 130. List the prime factors of j.
2, 3, 5
Let v(x) = 12*x**2 - x - 1. Let u be 21/6 + (-2)/(-4). Suppose -3 = -l - u*q, -3*l + 5*q = 4*q + 4. List the prime factors of v(l).
2, 3
Suppose 5*j - 4*j = 6. List the prime factors of j.
2, 3
Let y = 9 + -7. Suppose m - 12 = -4*w, 0*m - y*m - 16 = -2*w. List the prime factors of w.
2
List the prime factors of (-1 - -99 - 1)*1.
97
What are the prime factors of (76/2 - -2) + 3?
43
What are the prime factors of (6/(-4) + 0)*-50?
3, 5
Let p(c) = 3*c - 7. Let x be p(4). Let k = -2 - -4. Let u = x + k. List the prime factors of u.
7
Let g = -6 - -42. What are the prime factors of g?
2, 3
Let g(t) = t**3 - 8*t**2 - 7*t + 6. What are the prime factors of g(9)?
2, 3
Let q(w) = -11*w**3 - 2*w**2 + 1. Let f be q(-1). Let z = f + 7. What are the prime factors of z?
17
Suppose -3*l - 2*l + 3*f - 47 = 0, 4*f + 24 = -2*l. List the prime factors of 4/4*-2 - l.
2
Let w(z) = 10*z + 4*z**3 - 8 - 2*z**3 - z**3 + 13*z**2. What are the prime factors of w(-12)?
2
Let v(r) = -r**2 + r - 1. Let j(y) = -y**3 - 8*y**2 + 6*y + 3. Let c(a) = -j(a) + 3*v(a). What are the prime factors of c(-5)?
3
Let y = 62 - -36. What are the prime factors of (-28)/y - (-228)/14?
2
Let a(u) = -u + 6. Let s be a(6). Suppose -h + 6*h - 105 = s. What are the prime factors of h?
3, 7
Let u(n) = -n + 10. Suppose 5*t + 5*z = 15, -3*t = -t + 4*z. What are the prime factors of u(t)?
2
Suppose 4*y - 32 = -0*y. Suppose 10 = 5*k, 2*w - y = 5*w - k. Let h = 4 - w. List the prime factors of h.
2, 3
Suppose 980 - 231 = 7*v. What are the prime factors of v?
107
Suppose -4*t + 2*g + 15 - 1 = 0, -t + g = -4. Suppose 8 + 22 = -5*s - 5*r, -t*s - 28 = 5*r. What are the prime factors of s - (0/(-2) + -10)?
3
Suppose -2*r + 49 = -47. Suppose 3*a - r - 3 = 0. What are the prime factors of a?
17
Suppose -16 = -4*k + z, -3*k - 3*z = 2*z + 11. Let n(o) = -3 - o + 5*o**3 - 5*o**2 + 7 - 6*o**k. What are the prime factors of n(-5)?
3
Let y be (3/4)/(3/36). List the prime factors of (7 - y) + 1*39.
37
Let w be (2/4)/((-5)/(-10)). Suppose -5*x + x = -3*o + w, 2*o - x = 4. List the prime factors of o.
3
Suppose g + 2*h - 3 = 0, -2*g + 2*h + 15 = 3. Suppose 0 = -0*n - g*n + 75. List the prime factors of n.
3, 5
Suppose 3*u - 9 = 3. Suppose -3*k + 9 = p, -k - p - 3 = -u. Suppose 4 = k*y - 12. What are the prime factors of y?
2
Suppose 0 = v + v - 108. List the prime factors of v.
2, 3
Let j = 86 + -45. What are the prime factors of j?
41
Let h = 31 + -19. Let u = 32 - h. Suppose v - 3 = 0, f + v - u = -3*v. List the prime factors of f.
2
Let f = 92 - -25. What are the prime factors of f?
3, 13
Suppose 2*g - 353 = -7. What are the prime factors of g?
173
Suppose -72 = 11*i - 14*i. What are the prime factors of i?
2, 3
Let s = -46 - -99. What are the prime factors of s?
53
Suppose -2*s = -s - 40. List the prime factors of s.
2, 5
Suppose 2*f + 8 = a - 4*a, 0 = 3*a - f - 4. Let m(d) = d**2 - d - 1. Let l be m(-2). What are the prime factors of l/1 - (a + -1)?
2, 3
Let h be ((-2)/(-6))/(7/21). Let s = 1 - h. Suppose -5*w - 6*g + 3*g + 24 = 0, s = -3*w + 5*g - 6. List the prime factors of w.
3
Let b(k) be the third derivative of -2*k**2 - 1/24*k**4 + 0*k + 0 + 1/60*k**5 - 1/6*k**3. What are the prime factors of b(-3)?
11
Let l(d) = 6*d**2 - 4*d + 1. List the prime factors of l(-4).
113
Let g be 9/6*(-88)/(-6). Suppose 0*b = -2*b + g. List the prime factors of b.
11
Suppose -5*d - 5*l + 55 = 0, 3*d - 2*l + 36 = 7*d. List the prime factors of d.
7
Let t = 5 - 3. Suppose t*o + 5*m = 60, -7*o + 120 = -3*o + 2*m. List the prime factors of (24/20)/(4/o).
3
Let o = 20 + -7. List the prime factors of o.
13
Let